{"id":2141,"date":"2023-03-08T05:35:29","date_gmt":"2023-03-08T05:35:29","guid":{"rendered":"https:\/\/www.bodhicharityfoundation.org\/website\/?page_id=2141"},"modified":"2024-03-17T20:32:24","modified_gmt":"2024-03-17T20:32:24","slug":"truong-kiet","status":"publish","type":"page","link":"https:\/\/www.bodhicharityfoundation.org\/website\/vi\/truong-kiet\/","title":{"rendered":"Tr\u01b0\u01a1ng Qu\u00fd Anh Ki\u1ec7t"},"content":{"rendered":"\n<p><em>Ki\u1ec7t l\u00e0 ng\u01b0\u1eddi s\u00e1ng l\u1eadp, h\u1ed9i tr\u01b0\u1edfng v\u00e0 ch\u1ee7 t\u1ecbch h\u1ed9i \u0111\u1ed3ng qu\u1ea3n tr\u1ecb c\u1ee7a H\u1ed9i H\u01b0\u1edbng Thi\u1ec7n B\u1ed3 \u0110\u1ec1 (t\u00ean ti\u1ebfng Anh l\u00e0 Bodhi Charity Foundation). \u00d4ng c\u00f3 g\u1ea7n hai th\u1eadp ni\u00ean l\u00e0m vi\u1ec7c trong l\u00e3nh v\u1ef1c t\u1eeb thi\u1ec7n cho c\u00e1c t\u1ed5 ch\u1ee9c phi l\u1ee3i nhu\u1eadn. L\u00e0 m\u1ed9t chuy\u00ean gia k\u1ef9 thu\u1eadt vi m\u1ea1ch b\u00e1n d\u1eabn v\u00e0 ng\u01b0\u1eddi\u00a0 th\u1ef1c t\u1eadp ch\u00e1nh ni\u1ec7m, \u00f4ng c\u00f3 b\u1eb1ng C\u1eed nh\u00e2n Khoa h\u1ecdc c\u1ee7a \u0110\u1ea1i h\u1ecdc California t\u1ea1i Berkeley v\u00e0 b\u1eb1ng Ti\u1ebfn s\u0129 Gi\u00e1o d\u1ee5c c\u1ee7a \u0110\u1ea1i h\u1ecdc Northeastern. Ngo\u00e0i c\u00f4ng vi\u1ec7c v\u00e0 t\u1eeb thi\u1ec7n, \u00f4ng th\u00edch \u0111\u1ecdc s\u00e1ch, thi\u1ec1n h\u00e0nh v\u00e0 \u0111i d\u1ea1o gi\u1eefa thi\u00ean nhi\u00ean.<\/em><\/p>\n","protected":false},"excerpt":{"rendered":"<p>Ki\u1ec7t l\u00e0 ng\u01b0\u1eddi s\u00e1ng l\u1eadp, h\u1ed9i tr\u01b0\u1edfng v\u00e0 ch\u1ee7 t\u1ecbch h\u1ed9i \u0111\u1ed3ng qu\u1ea3n tr\u1ecb c\u1ee7a H\u1ed9i H\u01b0\u1edbng Thi\u1ec7n B\u1ed3 \u0110\u1ec1 (t\u00ean ti\u1ebfng Anh l\u00e0 Bodhi Charity Foundation). \u00d4ng c\u00f3 g\u1ea7n hai th\u1eadp ni\u00ean l\u00e0m vi\u1ec7c trong l\u00e3nh v\u1ef1c t\u1eeb thi\u1ec7n cho c\u00e1c t\u1ed5 ch\u1ee9c phi l\u1ee3i nhu\u1eadn. L\u00e0 m\u1ed9t chuy\u00ean gia k\u1ef9 thu\u1eadt vi m\u1ea1ch &hellip;<\/p>\n","protected":false},"author":6,"featured_media":0,"parent":0,"menu_order":0,"comment_status":"closed","ping_status":"closed","template":"","meta":{"_genesis_hide_title":false,"_genesis_hide_breadcrumbs":false,"_genesis_hide_singular_image":false,"_genesis_hide_footer_widgets":false,"_genesis_custom_body_class":"","_genesis_custom_post_class":"","_genesis_layout":"","footnotes":""},"class_list":{"1":"page","2":"type-page","5":"entry"},"yoast_head":"<!-- This site is optimized with the Yoast SEO plugin v23.0 - https:\/\/yoast.com\/wordpress\/plugins\/seo\/ -->\n<title>Tr\u01b0\u01a1ng Qu\u00fd Anh Ki\u1ec7t - Bodhi Charity Foundation<\/title>\n<meta name=\"robots\" content=\"index, follow, max-snippet:-1, max-image-preview:large, max-video-preview:-1\" \/>\n<link rel=\"canonical\" href=\"https:\/\/www.bodhicharityfoundation.org\/website\/vi\/truong-kiet\/\" \/>\n<meta property=\"og:locale\" content=\"en_US\" \/>\n<meta property=\"og:type\" content=\"article\" \/>\n<meta property=\"og:title\" content=\"Tr\u01b0\u01a1ng Qu\u00fd Anh Ki\u1ec7t - Bodhi Charity Foundation\" \/>\n<meta property=\"og:description\" content=\"Ki\u1ec7t l\u00e0 ng\u01b0\u1eddi s\u00e1ng l\u1eadp, h\u1ed9i tr\u01b0\u1edfng v\u00e0 ch\u1ee7 t\u1ecbch h\u1ed9i \u0111\u1ed3ng qu\u1ea3n tr\u1ecb c\u1ee7a H\u1ed9i H\u01b0\u1edbng Thi\u1ec7n B\u1ed3 \u0110\u1ec1 (t\u00ean ti\u1ebfng Anh l\u00e0 Bodhi Charity Foundation). \u00d4ng c\u00f3 g\u1ea7n hai th\u1eadp ni\u00ean l\u00e0m vi\u1ec7c trong l\u00e3nh v\u1ef1c t\u1eeb thi\u1ec7n cho c\u00e1c t\u1ed5 ch\u1ee9c phi l\u1ee3i nhu\u1eadn. L\u00e0 m\u1ed9t chuy\u00ean gia k\u1ef9 thu\u1eadt vi m\u1ea1ch &hellip;\" \/>\n<meta property=\"og:url\" content=\"https:\/\/www.bodhicharityfoundation.org\/website\/vi\/truong-kiet\/\" \/>\n<meta property=\"og:site_name\" content=\"Bodhi Charity Foundation\" \/>\n<meta property=\"article:modified_time\" content=\"2024-03-17T20:32:24+00:00\" \/>\n<meta name=\"twitter:card\" content=\"summary_large_image\" \/>\n<meta name=\"twitter:label1\" content=\"Est. reading time\" \/>\n\t<meta name=\"twitter:data1\" content=\"1 minute\" \/>\n<script type=\"application\/ld+json\" class=\"yoast-schema-graph\">{\"@context\":\"https:\/\/schema.org\",\"@graph\":[{\"@type\":\"WebPage\",\"@id\":\"https:\/\/www.bodhicharityfoundation.org\/website\/vi\/truong-kiet\/\",\"url\":\"https:\/\/www.bodhicharityfoundation.org\/website\/vi\/truong-kiet\/\",\"name\":\"Tr\u01b0\u01a1ng Qu\u00fd Anh Ki\u1ec7t - Bodhi Charity Foundation\",\"isPartOf\":{\"@id\":\"https:\/\/www.bodhicharityfoundation.org\/website\/#website\"},\"datePublished\":\"2023-03-08T05:35:29+00:00\",\"dateModified\":\"2024-03-17T20:32:24+00:00\",\"breadcrumb\":{\"@id\":\"https:\/\/www.bodhicharityfoundation.org\/website\/vi\/truong-kiet\/#breadcrumb\"},\"inLanguage\":\"en-US\",\"potentialAction\":[{\"@type\":\"ReadAction\",\"target\":[\"https:\/\/www.bodhicharityfoundation.org\/website\/vi\/truong-kiet\/\"]}]},{\"@type\":\"BreadcrumbList\",\"@id\":\"https:\/\/www.bodhicharityfoundation.org\/website\/vi\/truong-kiet\/#breadcrumb\",\"itemListElement\":[{\"@type\":\"ListItem\",\"position\":1,\"name\":\"Home\",\"item\":\"https:\/\/www.bodhicharityfoundation.org\/website\/\"},{\"@type\":\"ListItem\",\"position\":2,\"name\":\"Tr\u01b0\u01a1ng Qu\u00fd Anh Ki\u1ec7t\"}]},{\"@type\":\"WebSite\",\"@id\":\"https:\/\/www.bodhicharityfoundation.org\/website\/#website\",\"url\":\"https:\/\/www.bodhicharityfoundation.org\/website\/\",\"name\":\"Bodhi Charity Foundation\",\"description\":\"Help to Heal. Give Hope. Change a Life.\",\"publisher\":{\"@id\":\"https:\/\/www.bodhicharityfoundation.org\/website\/#organization\"},\"potentialAction\":[{\"@type\":\"SearchAction\",\"target\":{\"@type\":\"EntryPoint\",\"urlTemplate\":\"https:\/\/www.bodhicharityfoundation.org\/website\/?s={search_term_string}\"},\"query-input\":\"required name=search_term_string\"}],\"inLanguage\":\"en-US\"},{\"@type\":\"Organization\",\"@id\":\"https:\/\/www.bodhicharityfoundation.org\/website\/#organization\",\"name\":\"Bodhi Charity Foundation\",\"url\":\"https:\/\/www.bodhicharityfoundation.org\/website\/\",\"logo\":{\"@type\":\"ImageObject\",\"inLanguage\":\"en-US\",\"@id\":\"https:\/\/www.bodhicharityfoundation.org\/website\/#\/schema\/logo\/image\/\",\"url\":\"https:\/\/www.bodhicharityfoundation.org\/website\/wp-content\/uploads\/2021\/06\/BCF-Logo-header-clear-heart.png\",\"contentUrl\":\"https:\/\/www.bodhicharityfoundation.org\/website\/wp-content\/uploads\/2021\/06\/BCF-Logo-header-clear-heart.png\",\"width\":451,\"height\":225,\"caption\":\"Bodhi Charity Foundation\"},\"image\":{\"@id\":\"https:\/\/www.bodhicharityfoundation.org\/website\/#\/schema\/logo\/image\/\"}}]}<\/script>\n<!-- \/ Yoast SEO plugin. -->","yoast_head_json":{"title":"Tr\u01b0\u01a1ng Qu\u00fd Anh Ki\u1ec7t - Bodhi Charity Foundation","robots":{"index":"index","follow":"follow","max-snippet":"max-snippet:-1","max-image-preview":"max-image-preview:large","max-video-preview":"max-video-preview:-1"},"canonical":"https:\/\/www.bodhicharityfoundation.org\/website\/vi\/truong-kiet\/","og_locale":"en_US","og_type":"article","og_title":"Tr\u01b0\u01a1ng Qu\u00fd Anh Ki\u1ec7t - Bodhi Charity Foundation","og_description":"Ki\u1ec7t l\u00e0 ng\u01b0\u1eddi s\u00e1ng l\u1eadp, h\u1ed9i tr\u01b0\u1edfng v\u00e0 ch\u1ee7 t\u1ecbch h\u1ed9i \u0111\u1ed3ng qu\u1ea3n tr\u1ecb c\u1ee7a H\u1ed9i H\u01b0\u1edbng Thi\u1ec7n B\u1ed3 \u0110\u1ec1 (t\u00ean ti\u1ebfng Anh l\u00e0 Bodhi Charity Foundation). \u00d4ng c\u00f3 g\u1ea7n hai th\u1eadp ni\u00ean l\u00e0m vi\u1ec7c trong l\u00e3nh v\u1ef1c t\u1eeb thi\u1ec7n cho c\u00e1c t\u1ed5 ch\u1ee9c phi l\u1ee3i nhu\u1eadn. L\u00e0 m\u1ed9t chuy\u00ean gia k\u1ef9 thu\u1eadt vi m\u1ea1ch &hellip;","og_url":"https:\/\/www.bodhicharityfoundation.org\/website\/vi\/truong-kiet\/","og_site_name":"Bodhi Charity Foundation","article_modified_time":"2024-03-17T20:32:24+00:00","twitter_card":"summary_large_image","twitter_misc":{"Est. reading time":"1 minute"},"schema":{"@context":"https:\/\/schema.org","@graph":[{"@type":"WebPage","@id":"https:\/\/www.bodhicharityfoundation.org\/website\/vi\/truong-kiet\/","url":"https:\/\/www.bodhicharityfoundation.org\/website\/vi\/truong-kiet\/","name":"Tr\u01b0\u01a1ng Qu\u00fd Anh Ki\u1ec7t - Bodhi Charity Foundation","isPartOf":{"@id":"https:\/\/www.bodhicharityfoundation.org\/website\/#website"},"datePublished":"2023-03-08T05:35:29+00:00","dateModified":"2024-03-17T20:32:24+00:00","breadcrumb":{"@id":"https:\/\/www.bodhicharityfoundation.org\/website\/vi\/truong-kiet\/#breadcrumb"},"inLanguage":"en-US","potentialAction":[{"@type":"ReadAction","target":["https:\/\/www.bodhicharityfoundation.org\/website\/vi\/truong-kiet\/"]}]},{"@type":"BreadcrumbList","@id":"https:\/\/www.bodhicharityfoundation.org\/website\/vi\/truong-kiet\/#breadcrumb","itemListElement":[{"@type":"ListItem","position":1,"name":"Home","item":"https:\/\/www.bodhicharityfoundation.org\/website\/"},{"@type":"ListItem","position":2,"name":"Tr\u01b0\u01a1ng Qu\u00fd Anh Ki\u1ec7t"}]},{"@type":"WebSite","@id":"https:\/\/www.bodhicharityfoundation.org\/website\/#website","url":"https:\/\/www.bodhicharityfoundation.org\/website\/","name":"Bodhi Charity Foundation","description":"Help to Heal. Give Hope. Change a Life.","publisher":{"@id":"https:\/\/www.bodhicharityfoundation.org\/website\/#organization"},"potentialAction":[{"@type":"SearchAction","target":{"@type":"EntryPoint","urlTemplate":"https:\/\/www.bodhicharityfoundation.org\/website\/?s={search_term_string}"},"query-input":"required name=search_term_string"}],"inLanguage":"en-US"},{"@type":"Organization","@id":"https:\/\/www.bodhicharityfoundation.org\/website\/#organization","name":"Bodhi Charity Foundation","url":"https:\/\/www.bodhicharityfoundation.org\/website\/","logo":{"@type":"ImageObject","inLanguage":"en-US","@id":"https:\/\/www.bodhicharityfoundation.org\/website\/#\/schema\/logo\/image\/","url":"https:\/\/www.bodhicharityfoundation.org\/website\/wp-content\/uploads\/2021\/06\/BCF-Logo-header-clear-heart.png","contentUrl":"https:\/\/www.bodhicharityfoundation.org\/website\/wp-content\/uploads\/2021\/06\/BCF-Logo-header-clear-heart.png","width":451,"height":225,"caption":"Bodhi Charity Foundation"},"image":{"@id":"https:\/\/www.bodhicharityfoundation.org\/website\/#\/schema\/logo\/image\/"}}]}},"acf":[],"_links":{"self":[{"href":"https:\/\/www.bodhicharityfoundation.org\/website\/wp-json\/wp\/v2\/pages\/2141","targetHints":{"allow":["GET"]}}],"collection":[{"href":"https:\/\/www.bodhicharityfoundation.org\/website\/wp-json\/wp\/v2\/pages"}],"about":[{"href":"https:\/\/www.bodhicharityfoundation.org\/website\/wp-json\/wp\/v2\/types\/page"}],"author":[{"embeddable":true,"href":"https:\/\/www.bodhicharityfoundation.org\/website\/wp-json\/wp\/v2\/users\/6"}],"replies":[{"embeddable":true,"href":"https:\/\/www.bodhicharityfoundation.org\/website\/wp-json\/wp\/v2\/comments?post=2141"}],"version-history":[{"count":6,"href":"https:\/\/www.bodhicharityfoundation.org\/website\/wp-json\/wp\/v2\/pages\/2141\/revisions"}],"predecessor-version":[{"id":3083,"href":"https:\/\/www.bodhicharityfoundation.org\/website\/wp-json\/wp\/v2\/pages\/2141\/revisions\/3083"}],"wp:attachment":[{"href":"https:\/\/www.bodhicharityfoundation.org\/website\/wp-json\/wp\/v2\/media?parent=2141"}],"curies":[{"name":"wp","href":"https:\/\/api.w.org\/{rel}","templated":true}]}}