{"id":985,"date":"2021-06-02T17:37:05","date_gmt":"2021-06-02T17:37:05","guid":{"rendered":"https:\/\/www.bodhicharityfoundation.org\/website\/?page_id=985"},"modified":"2026-01-09T21:26:47","modified_gmt":"2026-01-09T21:26:47","slug":"tai-chinh","status":"publish","type":"page","link":"https:\/\/www.bodhicharityfoundation.org\/website\/vi\/tai-chinh\/","title":{"rendered":"T\u00e0i ch\u00e1nh"},"content":{"rendered":"\n<h1 class=\"wp-block-heading has-text-align-left\">T\u00e0i ch\u00e1nh<\/h1>\n\n\n\n<h2 class=\"wp-block-heading has-text-align-center has-md-max-width\" id=\"tw-target-text\">B&#7841;n c&oacute; th&#7875; tin t&#432;&#7903;ng gi&uacute;p &#273;&#7905; c&aacute;c ch&#432;&#417;ng tr&igrave;nh t&#7915; thi&#7879;n c&#7911;a ch&uacute;ng t&ocirc;i khi bi&#7871;t r&#7857;ng 99 xu c&#7911;a m&#7895;i $1 quy&ecirc;n g&oacute;p s&#7869; &#273;&#432;&#7907;c trao &#273;&#7871;n tay ng&#432;&#7901;i ngh&egrave;o.<\/h2>\n\n\n\n\n<p class=\"has-text-align-center has-white-background-color has-background has-md-max-width\" id=\"tw-target-text\">Tr&ecirc;n th&#7921;c t&#7871;, t&#7845;t c&#7843; s&#7889; ti&#7873;n g&acirc;y qu&#7929; &#273;&#7873;u &#273;&#432;&#7907;c g&#7901;i &#273;&#7871;n tay ng&#432;&#7901;i ngh&egrave;o v&#7899;i chi ph&iacute; h&agrave;nh ch&aacute;nh r&#7845;t th&#7845;p v&igrave; nh&acirc;n vi&ecirc;n c&#7911;a ch&uacute;ng t&ocirc;i l&agrave;m vi&#7879;c ho&agrave;n to&agrave;n t&#7921; nguy&#7879;n kh&ocirc;ng l&#432;&#417;ng. M&#7895;i $1 mang l&#7841;i t&aacute;c &#273;&#7897;ng &#273;&aacute;ng k&#7875; &#7903; m&#7897;t qu&#7889;c gia th&#7871; gi&#7899;i th&#7913; ba.<\/p>\n\n\n\n\n<p class=\"has-text-align-center is-style-subheading has-header-background-color has-background has-lg-max-width\">$1 C&Oacute; TH&#7874; MUA &#272;&#431;&#7906;C 2 KG G&#7840;O NU&Ocirc;I S&#7888;NG CHO GIA &#272;&Igrave;NH 4 NG&#431;&#7900;I 1 NG&Agrave;Y.<\/p>\n\n\n\n\n<div class=\"wp-block-columns is-layout-flex wp-container-core-columns-is-layout-9d6595d7 wp-block-columns-is-layout-flex\">\n<div class=\"wp-block-column is-layout-flow wp-block-column-is-layout-flow\">\n<figure class=\"wp-block-image size-full is-resized\"><img loading=\"lazy\" decoding=\"async\" width=\"648\" height=\"460\" src=\"https:\/\/www.bodhicharityfoundation.org\/website\/wp-content\/uploads\/2022\/01\/Revenue_2021-4.png\" alt=\"\" class=\"wp-image-2027\" style=\"width:523px;height:auto\" srcset=\"https:\/\/www.bodhicharityfoundation.org\/website\/wp-content\/uploads\/2022\/01\/Revenue_2021-4-300x213.png 300w, https:\/\/www.bodhicharityfoundation.org\/website\/wp-content\/uploads\/2022\/01\/Revenue_2021-4.png 648w\" sizes=\"auto, (max-width: 648px) 100vw, 648px\" \/><\/figure>\n\n\n\n<figure class=\"wp-block-image size-full is-resized\"><img loading=\"lazy\" decoding=\"async\" width=\"852\" height=\"578\" src=\"https:\/\/www.bodhicharityfoundation.org\/website\/wp-content\/uploads\/2024\/03\/Revenue_2022-1.png\" alt=\"\" class=\"wp-image-3130\" style=\"width:529px;height:auto\" srcset=\"https:\/\/www.bodhicharityfoundation.org\/website\/wp-content\/uploads\/2024\/03\/Revenue_2022-1-300x204.png 300w, https:\/\/www.bodhicharityfoundation.org\/website\/wp-content\/uploads\/2024\/03\/Revenue_2022-1-768x521.png 768w, https:\/\/www.bodhicharityfoundation.org\/website\/wp-content\/uploads\/2024\/03\/Revenue_2022-1.png 852w\" sizes=\"auto, (max-width: 852px) 100vw, 852px\" \/><\/figure>\n\n\n\n<figure class=\"wp-block-image size-full is-resized\"><img loading=\"lazy\" decoding=\"async\" width=\"979\" height=\"662\" src=\"https:\/\/www.bodhicharityfoundation.org\/website\/wp-content\/uploads\/2024\/03\/Revenue_2023-3.png\" alt=\"\" class=\"wp-image-3132\" style=\"width:523px;height:auto\" srcset=\"https:\/\/www.bodhicharityfoundation.org\/website\/wp-content\/uploads\/2024\/03\/Revenue_2023-3-300x203.png 300w, https:\/\/www.bodhicharityfoundation.org\/website\/wp-content\/uploads\/2024\/03\/Revenue_2023-3-768x519.png 768w, https:\/\/www.bodhicharityfoundation.org\/website\/wp-content\/uploads\/2024\/03\/Revenue_2023-3.png 979w\" sizes=\"auto, (max-width: 979px) 100vw, 979px\" \/><\/figure>\n<\/div>\n\n\n\n<div class=\"wp-block-column is-layout-flow wp-block-column-is-layout-flow\">\n<figure class=\"wp-block-image size-full is-resized\"><img loading=\"lazy\" decoding=\"async\" width=\"679\" height=\"457\" src=\"https:\/\/www.bodhicharityfoundation.org\/website\/wp-content\/uploads\/2022\/01\/Funding_2021-3.png\" alt=\"\" class=\"wp-image-2028\" style=\"aspect-ratio:1.4878048780487805;width:542px;height:auto\" srcset=\"https:\/\/www.bodhicharityfoundation.org\/website\/wp-content\/uploads\/2022\/01\/Funding_2021-3-300x202.png 300w, https:\/\/www.bodhicharityfoundation.org\/website\/wp-content\/uploads\/2022\/01\/Funding_2021-3.png 679w\" sizes=\"auto, (max-width: 679px) 100vw, 679px\" \/><\/figure>\n\n\n\n<figure class=\"wp-block-image size-full is-resized\"><img loading=\"lazy\" decoding=\"async\" width=\"906\" height=\"573\" src=\"https:\/\/www.bodhicharityfoundation.org\/website\/wp-content\/uploads\/2024\/03\/Funding_2022-1.png\" alt=\"\" class=\"wp-image-3131\" style=\"aspect-ratio:1.4878048780487805;width:542px;height:auto\" srcset=\"https:\/\/www.bodhicharityfoundation.org\/website\/wp-content\/uploads\/2024\/03\/Funding_2022-1-300x190.png 300w, https:\/\/www.bodhicharityfoundation.org\/website\/wp-content\/uploads\/2024\/03\/Funding_2022-1-768x486.png 768w, https:\/\/www.bodhicharityfoundation.org\/website\/wp-content\/uploads\/2024\/03\/Funding_2022-1.png 906w\" sizes=\"auto, (max-width: 906px) 100vw, 906px\" \/><\/figure>\n\n\n\n<figure class=\"wp-block-image size-full is-resized\"><img loading=\"lazy\" decoding=\"async\" width=\"1019\" height=\"665\" src=\"https:\/\/www.bodhicharityfoundation.org\/website\/wp-content\/uploads\/2024\/03\/Funding_2023-3.png\" alt=\"\" class=\"wp-image-3133\" style=\"aspect-ratio:1.4878048780487805;width:542px;height:auto\" srcset=\"https:\/\/www.bodhicharityfoundation.org\/website\/wp-content\/uploads\/2024\/03\/Funding_2023-3-300x196.png 300w, https:\/\/www.bodhicharityfoundation.org\/website\/wp-content\/uploads\/2024\/03\/Funding_2023-3-768x501.png 768w, https:\/\/www.bodhicharityfoundation.org\/website\/wp-content\/uploads\/2024\/03\/Funding_2023-3.png 1019w\" sizes=\"auto, (max-width: 1019px) 100vw, 1019px\" \/><\/figure>\n<\/div>\n<\/div>\n\n\n\n<div class=\"wp-block-group\"><div class=\"wp-block-group__inner-container is-layout-flow wp-block-group-is-layout-flow\">\n<div class=\"wp-block-columns is-layout-flex wp-container-core-columns-is-layout-9d6595d7 wp-block-columns-is-layout-flex\">\n<div class=\"wp-block-column is-layout-flow wp-block-column-is-layout-flow\" style=\"flex-basis:100%\">\n<div class=\"wp-block-columns is-layout-flex wp-container-core-columns-is-layout-9d6595d7 wp-block-columns-is-layout-flex\">\n<div class=\"wp-block-column is-layout-flow wp-block-column-is-layout-flow\"><\/div>\n<\/div>\n\n\n\n<figure class=\"wp-block-image size-large is-resized\"><img loading=\"lazy\" decoding=\"async\" width=\"1024\" height=\"315\" src=\"https:\/\/www.bodhicharityfoundation.org\/website\/wp-content\/uploads\/2025\/03\/2024Summary-1-1024x315.png\" alt=\"\" class=\"wp-image-3795\" style=\"width:1200px;height:auto\" srcset=\"https:\/\/www.bodhicharityfoundation.org\/website\/wp-content\/uploads\/2025\/03\/2024Summary-1-300x92.png 300w, https:\/\/www.bodhicharityfoundation.org\/website\/wp-content\/uploads\/2025\/03\/2024Summary-1-768x237.png 768w, https:\/\/www.bodhicharityfoundation.org\/website\/wp-content\/uploads\/2025\/03\/2024Summary-1-1024x315.png 1024w, https:\/\/www.bodhicharityfoundation.org\/website\/wp-content\/uploads\/2025\/03\/2024Summary-1.png 1211w\" sizes=\"auto, (max-width: 1024px) 100vw, 1024px\" \/><\/figure>\n\n\n\n<figure class=\"wp-block-image size-large is-resized\"><img loading=\"lazy\" decoding=\"async\" width=\"1024\" height=\"315\" src=\"https:\/\/www.bodhicharityfoundation.org\/website\/wp-content\/uploads\/2026\/01\/FinancialSummary2025-1-1024x315.png\" alt=\"\" class=\"wp-image-4106\" style=\"width:1200px;height:auto\" srcset=\"https:\/\/www.bodhicharityfoundation.org\/website\/wp-content\/uploads\/2026\/01\/FinancialSummary2025-1-300x92.png 300w, https:\/\/www.bodhicharityfoundation.org\/website\/wp-content\/uploads\/2026\/01\/FinancialSummary2025-1-768x236.png 768w, https:\/\/www.bodhicharityfoundation.org\/website\/wp-content\/uploads\/2026\/01\/FinancialSummary2025-1-1024x315.png 1024w, https:\/\/www.bodhicharityfoundation.org\/website\/wp-content\/uploads\/2026\/01\/FinancialSummary2025-1-1536x472.png 1536w, https:\/\/www.bodhicharityfoundation.org\/website\/wp-content\/uploads\/2026\/01\/FinancialSummary2025-1-2048x629.png 2048w\" sizes=\"auto, (max-width: 1024px) 100vw, 1024px\" \/><\/figure>\n<\/div>\n<\/div>\n<\/div><\/div>\n\n\n\n<div class=\"wp-block-group has--background has-md-content-width\" style=\"--group-block-justify-content:center;\"><div class=\"wp-block-group__inner-container is-layout-flow wp-block-group-is-layout-flow\">\n<div class=\"wp-block-group has-sm-content-width\"><div class=\"wp-block-group__inner-container is-layout-flow wp-block-group-is-layout-flow\">\n<h3 class=\"wp-block-heading has-text-align-center is-style-default\">B&#7842;N TIN | B&aacute;o c&aacute;o t&agrave;i ch&iacute;nh h&agrave;ng n&#259;m<\/h3>\n\n\n\n<p class=\"is-style-default\"><a href=\"https:\/\/www.bodhicharityfoundation.org\/website\/wp-content\/uploads\/2021\/05\/bantin2021-01.pdf\">B&#7843;n Tin H&#432;&#7899;ng Thi&#7879;n B&#7891; &#272;&#7873;, s&#7889; 2<\/a>&nbsp;&nbsp;(ph&aacute;t h&agrave;nh 01\/09\/2021)<\/p>\n\n\n\n<p class=\"is-style-default\"><a href=\"https:\/\/www.bodhicharityfoundation.org\/cms2\/attachments\/category\/29\/bantin2020-04.pdf\" target=\"_blank\" rel=\"noreferrer noopener\">B&#7843;n Tin H&#432;&#7899;ng Thi&#7879;n B&#7891; &#272;&#7873;, s&#7889; M&ugrave;a Xu&acirc;n 2020<\/a><\/p><div class=\"formswift-button\" style=\"opacity: 1;\"><a class=\"fs-link fs-edit-link\" id=\"fs-edit-button\" style=\"--fs-edit-icon: url(chrome-extension:\/\/bdfcnmeidppjeaggnmidamkiddifkdib\/images\/EditTextIcon.svg);\">EditSign<\/a><\/div> (ph&aacute;t h&agrave;nh 29\/04\/2020)\n\n\n\n<h3 class=\"wp-block-heading has-text-align-center\">MAGAZINE<\/h3>\n\n\n\n<p><a href=\"https:\/\/www.bodhicharityfoundation.org\/cms2\/attachments\/category\/29\/dacsan2019.pdf\" target=\"_blank\" rel=\"noreferrer noopener\">&#272;&#7863;c San 2019<\/a> (ph&aacute;t h&agrave;nh 8\/6\/2019)<\/p>\n<\/div><\/div>\n\n<\/div><\/div>\n\n\n","protected":false},"excerpt":{"rendered":"<p>T\u00e0i ch\u00e1nh B&#7841;n c&oacute; th&#7875; tin t&#432;&#7903;ng gi&uacute;p &#273;&#7905; c&aacute;c ch&#432;&#417;ng tr&igrave;nh t&#7915; thi&#7879;n c&#7911;a ch&uacute;ng t&ocirc;i khi bi&#7871;t r&#7857;ng 99 xu c&#7911;a m&#7895;i $1 quy&ecirc;n g&oacute;p s&#7869; &#273;&#432;&#7907;c trao &#273;&#7871;n tay ng&#432;&#7901;i ngh&egrave;o. Tr&ecirc;n th&#7921;c t&#7871;, t&#7845;t c&#7843; s&#7889; ti&#7873;n g&acirc;y qu&#7929; &#273;&#7873;u &#273;&#432;&#7907;c g&#7901;i &#273;&#7871;n tay ng&#432;&#7901;i ngh&egrave;o v&#7899;i chi ph&iacute; h&agrave;nh ch&aacute;nh &hellip;<\/p>\n","protected":false},"author":1,"featured_media":612,"parent":0,"menu_order":0,"comment_status":"closed","ping_status":"closed","template":"","meta":{"_genesis_hide_title":false,"_genesis_hide_breadcrumbs":false,"_genesis_hide_singular_image":false,"_genesis_hide_footer_widgets":false,"_genesis_custom_body_class":"","_genesis_custom_post_class":"","_genesis_layout":"","footnotes":""},"class_list":{"1":"page","2":"type-page","6":"entry"},"yoast_head":"<!-- This site is optimized with the Yoast SEO plugin v23.0 - https:\/\/yoast.com\/wordpress\/plugins\/seo\/ -->\n<title>T\u00e0i ch\u00e1nh - Bodhi Charity Foundation<\/title>\n<meta name=\"description\" content=\"B\u1ea1n c\u00f3 th\u1ec3 t\u1ef1 tin \u1ee7ng h\u1ed9 s\u1ee9 \u200b\u200bm\u1ec7nh c\u1ee7a ch\u00fang t\u00f4i khi bi\u1ebft r\u1eb1ng ch\u00edn m\u01b0\u01a1i l\u0103m xu c\u1ee7a m\u1ed7i \u0111\u00f4 la quy\u00ean g\u00f3p s\u1ebd \u0111\u01b0\u1ee3c trao cho ng\u01b0\u1eddi ngh\u00e8o. Tr\u00ean th\u1ef1c t\u1ebf, t\u1ea5t c\u1ea3 s\u1ed1 ti\u1ec1n thu \u0111\u01b0\u1ee3c \u0111\u1ec1u \u0111\u01b0\u1ee3c quy\u00ean g\u00f3p v\u1edbi chi ph\u00ed qu\u1ea3n tr\u1ecb vi\u00ean th\u1ea5p. M\u1ed7i \u0111\u00f4 la mang l\u1ea1i t\u00e1c \u0111\u1ed9ng \u0111\u00e1ng k\u1ec3 \u1edf m\u1ed9t qu\u1ed1c gia thu\u1ed9c th\u1ebf gi\u1edbi th\u1ee9 ba\" \/>\n<meta name=\"robots\" content=\"index, follow, max-snippet:-1, max-image-preview:large, max-video-preview:-1\" \/>\n<link rel=\"canonical\" href=\"https:\/\/www.bodhicharityfoundation.org\/website\/vi\/tai-chinh\/\" \/>\n<meta property=\"og:locale\" content=\"en_US\" \/>\n<meta property=\"og:type\" content=\"article\" \/>\n<meta property=\"og:title\" content=\"T\u00e0i ch\u00e1nh - Bodhi Charity Foundation\" \/>\n<meta property=\"og:description\" content=\"B\u1ea1n c\u00f3 th\u1ec3 t\u1ef1 tin \u1ee7ng h\u1ed9 s\u1ee9 \u200b\u200bm\u1ec7nh c\u1ee7a ch\u00fang t\u00f4i khi bi\u1ebft r\u1eb1ng ch\u00edn m\u01b0\u01a1i l\u0103m xu c\u1ee7a m\u1ed7i \u0111\u00f4 la quy\u00ean g\u00f3p s\u1ebd \u0111\u01b0\u1ee3c trao cho ng\u01b0\u1eddi ngh\u00e8o. Tr\u00ean th\u1ef1c t\u1ebf, t\u1ea5t c\u1ea3 s\u1ed1 ti\u1ec1n thu \u0111\u01b0\u1ee3c \u0111\u1ec1u \u0111\u01b0\u1ee3c quy\u00ean g\u00f3p v\u1edbi chi ph\u00ed qu\u1ea3n tr\u1ecb vi\u00ean th\u1ea5p. M\u1ed7i \u0111\u00f4 la mang l\u1ea1i t\u00e1c \u0111\u1ed9ng \u0111\u00e1ng k\u1ec3 \u1edf m\u1ed9t qu\u1ed1c gia thu\u1ed9c th\u1ebf gi\u1edbi th\u1ee9 ba\" \/>\n<meta property=\"og:url\" content=\"https:\/\/www.bodhicharityfoundation.org\/website\/vi\/tai-chinh\/\" \/>\n<meta property=\"og:site_name\" content=\"Bodhi Charity Foundation\" \/>\n<meta property=\"article:modified_time\" content=\"2026-01-09T21:26:47+00:00\" \/>\n<meta property=\"og:image\" content=\"https:\/\/www.bodhicharityfoundation.org\/website\/wp-content\/uploads\/2021\/05\/RevenueByMonth_2020.png\" \/>\n\t<meta property=\"og:image:width\" content=\"880\" \/>\n\t<meta property=\"og:image:height\" content=\"538\" \/>\n\t<meta property=\"og:image:type\" content=\"image\/png\" \/>\n<meta name=\"twitter:card\" content=\"summary_large_image\" \/>\n<meta name=\"twitter:label1\" content=\"Est. reading time\" \/>\n\t<meta name=\"twitter:data1\" content=\"2 minutes\" \/>\n<script type=\"application\/ld+json\" class=\"yoast-schema-graph\">{\"@context\":\"https:\/\/schema.org\",\"@graph\":[{\"@type\":\"WebPage\",\"@id\":\"https:\/\/www.bodhicharityfoundation.org\/website\/vi\/tai-chinh\/\",\"url\":\"https:\/\/www.bodhicharityfoundation.org\/website\/vi\/tai-chinh\/\",\"name\":\"T\u00e0i ch\u00e1nh - Bodhi Charity Foundation\",\"isPartOf\":{\"@id\":\"https:\/\/www.bodhicharityfoundation.org\/website\/#website\"},\"primaryImageOfPage\":{\"@id\":\"https:\/\/www.bodhicharityfoundation.org\/website\/vi\/tai-chinh\/#primaryimage\"},\"image\":{\"@id\":\"https:\/\/www.bodhicharityfoundation.org\/website\/vi\/tai-chinh\/#primaryimage\"},\"thumbnailUrl\":\"https:\/\/www.bodhicharityfoundation.org\/website\/wp-content\/uploads\/2021\/05\/RevenueByMonth_2020.png\",\"datePublished\":\"2021-06-02T17:37:05+00:00\",\"dateModified\":\"2026-01-09T21:26:47+00:00\",\"description\":\"B\u1ea1n c\u00f3 th\u1ec3 t\u1ef1 tin \u1ee7ng h\u1ed9 s\u1ee9 \u200b\u200bm\u1ec7nh c\u1ee7a ch\u00fang t\u00f4i khi bi\u1ebft r\u1eb1ng ch\u00edn m\u01b0\u01a1i l\u0103m xu c\u1ee7a m\u1ed7i \u0111\u00f4 la quy\u00ean g\u00f3p s\u1ebd \u0111\u01b0\u1ee3c trao cho ng\u01b0\u1eddi ngh\u00e8o. Tr\u00ean th\u1ef1c t\u1ebf, t\u1ea5t c\u1ea3 s\u1ed1 ti\u1ec1n thu \u0111\u01b0\u1ee3c \u0111\u1ec1u \u0111\u01b0\u1ee3c quy\u00ean g\u00f3p v\u1edbi chi ph\u00ed qu\u1ea3n tr\u1ecb vi\u00ean th\u1ea5p. M\u1ed7i \u0111\u00f4 la mang l\u1ea1i t\u00e1c \u0111\u1ed9ng \u0111\u00e1ng k\u1ec3 \u1edf m\u1ed9t qu\u1ed1c gia thu\u1ed9c th\u1ebf gi\u1edbi th\u1ee9 ba\",\"breadcrumb\":{\"@id\":\"https:\/\/www.bodhicharityfoundation.org\/website\/vi\/tai-chinh\/#breadcrumb\"},\"inLanguage\":\"en-US\",\"potentialAction\":[{\"@type\":\"ReadAction\",\"target\":[\"https:\/\/www.bodhicharityfoundation.org\/website\/vi\/tai-chinh\/\"]}]},{\"@type\":\"ImageObject\",\"inLanguage\":\"en-US\",\"@id\":\"https:\/\/www.bodhicharityfoundation.org\/website\/vi\/tai-chinh\/#primaryimage\",\"url\":\"https:\/\/www.bodhicharityfoundation.org\/website\/wp-content\/uploads\/2021\/05\/RevenueByMonth_2020.png\",\"contentUrl\":\"https:\/\/www.bodhicharityfoundation.org\/website\/wp-content\/uploads\/2021\/05\/RevenueByMonth_2020.png\",\"width\":880,\"height\":538,\"caption\":\"Revenue Monthly 2020 Bodhi Charity Foundation\"},{\"@type\":\"BreadcrumbList\",\"@id\":\"https:\/\/www.bodhicharityfoundation.org\/website\/vi\/tai-chinh\/#breadcrumb\",\"itemListElement\":[{\"@type\":\"ListItem\",\"position\":1,\"name\":\"Home\",\"item\":\"https:\/\/www.bodhicharityfoundation.org\/website\/\"},{\"@type\":\"ListItem\",\"position\":2,\"name\":\"T\u00e0i ch\u00e1nh\"}]},{\"@type\":\"WebSite\",\"@id\":\"https:\/\/www.bodhicharityfoundation.org\/website\/#website\",\"url\":\"https:\/\/www.bodhicharityfoundation.org\/website\/\",\"name\":\"Bodhi Charity Foundation\",\"description\":\"Help to Heal. Give Hope. Change a Life.\",\"publisher\":{\"@id\":\"https:\/\/www.bodhicharityfoundation.org\/website\/#organization\"},\"potentialAction\":[{\"@type\":\"SearchAction\",\"target\":{\"@type\":\"EntryPoint\",\"urlTemplate\":\"https:\/\/www.bodhicharityfoundation.org\/website\/?s={search_term_string}\"},\"query-input\":\"required name=search_term_string\"}],\"inLanguage\":\"en-US\"},{\"@type\":\"Organization\",\"@id\":\"https:\/\/www.bodhicharityfoundation.org\/website\/#organization\",\"name\":\"Bodhi Charity Foundation\",\"url\":\"https:\/\/www.bodhicharityfoundation.org\/website\/\",\"logo\":{\"@type\":\"ImageObject\",\"inLanguage\":\"en-US\",\"@id\":\"https:\/\/www.bodhicharityfoundation.org\/website\/#\/schema\/logo\/image\/\",\"url\":\"https:\/\/www.bodhicharityfoundation.org\/website\/wp-content\/uploads\/2021\/06\/BCF-Logo-header-clear-heart.png\",\"contentUrl\":\"https:\/\/www.bodhicharityfoundation.org\/website\/wp-content\/uploads\/2021\/06\/BCF-Logo-header-clear-heart.png\",\"width\":451,\"height\":225,\"caption\":\"Bodhi Charity Foundation\"},\"image\":{\"@id\":\"https:\/\/www.bodhicharityfoundation.org\/website\/#\/schema\/logo\/image\/\"}}]}<\/script>\n<!-- \/ Yoast SEO plugin. -->","yoast_head_json":{"title":"T\u00e0i ch\u00e1nh - Bodhi Charity Foundation","description":"B\u1ea1n c\u00f3 th\u1ec3 t\u1ef1 tin \u1ee7ng h\u1ed9 s\u1ee9 \u200b\u200bm\u1ec7nh c\u1ee7a ch\u00fang t\u00f4i khi bi\u1ebft r\u1eb1ng ch\u00edn m\u01b0\u01a1i l\u0103m xu c\u1ee7a m\u1ed7i \u0111\u00f4 la quy\u00ean g\u00f3p s\u1ebd \u0111\u01b0\u1ee3c trao cho ng\u01b0\u1eddi ngh\u00e8o. Tr\u00ean th\u1ef1c t\u1ebf, t\u1ea5t c\u1ea3 s\u1ed1 ti\u1ec1n thu \u0111\u01b0\u1ee3c \u0111\u1ec1u \u0111\u01b0\u1ee3c quy\u00ean g\u00f3p v\u1edbi chi ph\u00ed qu\u1ea3n tr\u1ecb vi\u00ean th\u1ea5p. M\u1ed7i \u0111\u00f4 la mang l\u1ea1i t\u00e1c \u0111\u1ed9ng \u0111\u00e1ng k\u1ec3 \u1edf m\u1ed9t qu\u1ed1c gia thu\u1ed9c th\u1ebf gi\u1edbi th\u1ee9 ba","robots":{"index":"index","follow":"follow","max-snippet":"max-snippet:-1","max-image-preview":"max-image-preview:large","max-video-preview":"max-video-preview:-1"},"canonical":"https:\/\/www.bodhicharityfoundation.org\/website\/vi\/tai-chinh\/","og_locale":"en_US","og_type":"article","og_title":"T\u00e0i ch\u00e1nh - Bodhi Charity Foundation","og_description":"B\u1ea1n c\u00f3 th\u1ec3 t\u1ef1 tin \u1ee7ng h\u1ed9 s\u1ee9 \u200b\u200bm\u1ec7nh c\u1ee7a ch\u00fang t\u00f4i khi bi\u1ebft r\u1eb1ng ch\u00edn m\u01b0\u01a1i l\u0103m xu c\u1ee7a m\u1ed7i \u0111\u00f4 la quy\u00ean g\u00f3p s\u1ebd \u0111\u01b0\u1ee3c trao cho ng\u01b0\u1eddi ngh\u00e8o. Tr\u00ean th\u1ef1c t\u1ebf, t\u1ea5t c\u1ea3 s\u1ed1 ti\u1ec1n thu \u0111\u01b0\u1ee3c \u0111\u1ec1u \u0111\u01b0\u1ee3c quy\u00ean g\u00f3p v\u1edbi chi ph\u00ed qu\u1ea3n tr\u1ecb vi\u00ean th\u1ea5p. M\u1ed7i \u0111\u00f4 la mang l\u1ea1i t\u00e1c \u0111\u1ed9ng \u0111\u00e1ng k\u1ec3 \u1edf m\u1ed9t qu\u1ed1c gia thu\u1ed9c th\u1ebf gi\u1edbi th\u1ee9 ba","og_url":"https:\/\/www.bodhicharityfoundation.org\/website\/vi\/tai-chinh\/","og_site_name":"Bodhi Charity Foundation","article_modified_time":"2026-01-09T21:26:47+00:00","og_image":[{"width":880,"height":538,"url":"https:\/\/www.bodhicharityfoundation.org\/website\/wp-content\/uploads\/2021\/05\/RevenueByMonth_2020.png","type":"image\/png"}],"twitter_card":"summary_large_image","twitter_misc":{"Est. reading time":"2 minutes"},"schema":{"@context":"https:\/\/schema.org","@graph":[{"@type":"WebPage","@id":"https:\/\/www.bodhicharityfoundation.org\/website\/vi\/tai-chinh\/","url":"https:\/\/www.bodhicharityfoundation.org\/website\/vi\/tai-chinh\/","name":"T\u00e0i ch\u00e1nh - Bodhi Charity Foundation","isPartOf":{"@id":"https:\/\/www.bodhicharityfoundation.org\/website\/#website"},"primaryImageOfPage":{"@id":"https:\/\/www.bodhicharityfoundation.org\/website\/vi\/tai-chinh\/#primaryimage"},"image":{"@id":"https:\/\/www.bodhicharityfoundation.org\/website\/vi\/tai-chinh\/#primaryimage"},"thumbnailUrl":"https:\/\/www.bodhicharityfoundation.org\/website\/wp-content\/uploads\/2021\/05\/RevenueByMonth_2020.png","datePublished":"2021-06-02T17:37:05+00:00","dateModified":"2026-01-09T21:26:47+00:00","description":"B\u1ea1n c\u00f3 th\u1ec3 t\u1ef1 tin \u1ee7ng h\u1ed9 s\u1ee9 \u200b\u200bm\u1ec7nh c\u1ee7a ch\u00fang t\u00f4i khi bi\u1ebft r\u1eb1ng ch\u00edn m\u01b0\u01a1i l\u0103m xu c\u1ee7a m\u1ed7i \u0111\u00f4 la quy\u00ean g\u00f3p s\u1ebd \u0111\u01b0\u1ee3c trao cho ng\u01b0\u1eddi ngh\u00e8o. Tr\u00ean th\u1ef1c t\u1ebf, t\u1ea5t c\u1ea3 s\u1ed1 ti\u1ec1n thu \u0111\u01b0\u1ee3c \u0111\u1ec1u \u0111\u01b0\u1ee3c quy\u00ean g\u00f3p v\u1edbi chi ph\u00ed qu\u1ea3n tr\u1ecb vi\u00ean th\u1ea5p. M\u1ed7i \u0111\u00f4 la mang l\u1ea1i t\u00e1c \u0111\u1ed9ng \u0111\u00e1ng k\u1ec3 \u1edf m\u1ed9t qu\u1ed1c gia thu\u1ed9c th\u1ebf gi\u1edbi th\u1ee9 ba","breadcrumb":{"@id":"https:\/\/www.bodhicharityfoundation.org\/website\/vi\/tai-chinh\/#breadcrumb"},"inLanguage":"en-US","potentialAction":[{"@type":"ReadAction","target":["https:\/\/www.bodhicharityfoundation.org\/website\/vi\/tai-chinh\/"]}]},{"@type":"ImageObject","inLanguage":"en-US","@id":"https:\/\/www.bodhicharityfoundation.org\/website\/vi\/tai-chinh\/#primaryimage","url":"https:\/\/www.bodhicharityfoundation.org\/website\/wp-content\/uploads\/2021\/05\/RevenueByMonth_2020.png","contentUrl":"https:\/\/www.bodhicharityfoundation.org\/website\/wp-content\/uploads\/2021\/05\/RevenueByMonth_2020.png","width":880,"height":538,"caption":"Revenue Monthly 2020 Bodhi Charity Foundation"},{"@type":"BreadcrumbList","@id":"https:\/\/www.bodhicharityfoundation.org\/website\/vi\/tai-chinh\/#breadcrumb","itemListElement":[{"@type":"ListItem","position":1,"name":"Home","item":"https:\/\/www.bodhicharityfoundation.org\/website\/"},{"@type":"ListItem","position":2,"name":"T\u00e0i ch\u00e1nh"}]},{"@type":"WebSite","@id":"https:\/\/www.bodhicharityfoundation.org\/website\/#website","url":"https:\/\/www.bodhicharityfoundation.org\/website\/","name":"Bodhi Charity Foundation","description":"Help to Heal. Give Hope. Change a Life.","publisher":{"@id":"https:\/\/www.bodhicharityfoundation.org\/website\/#organization"},"potentialAction":[{"@type":"SearchAction","target":{"@type":"EntryPoint","urlTemplate":"https:\/\/www.bodhicharityfoundation.org\/website\/?s={search_term_string}"},"query-input":"required name=search_term_string"}],"inLanguage":"en-US"},{"@type":"Organization","@id":"https:\/\/www.bodhicharityfoundation.org\/website\/#organization","name":"Bodhi Charity Foundation","url":"https:\/\/www.bodhicharityfoundation.org\/website\/","logo":{"@type":"ImageObject","inLanguage":"en-US","@id":"https:\/\/www.bodhicharityfoundation.org\/website\/#\/schema\/logo\/image\/","url":"https:\/\/www.bodhicharityfoundation.org\/website\/wp-content\/uploads\/2021\/06\/BCF-Logo-header-clear-heart.png","contentUrl":"https:\/\/www.bodhicharityfoundation.org\/website\/wp-content\/uploads\/2021\/06\/BCF-Logo-header-clear-heart.png","width":451,"height":225,"caption":"Bodhi Charity Foundation"},"image":{"@id":"https:\/\/www.bodhicharityfoundation.org\/website\/#\/schema\/logo\/image\/"}}]}},"acf":[],"_links":{"self":[{"href":"https:\/\/www.bodhicharityfoundation.org\/website\/wp-json\/wp\/v2\/pages\/985","targetHints":{"allow":["GET"]}}],"collection":[{"href":"https:\/\/www.bodhicharityfoundation.org\/website\/wp-json\/wp\/v2\/pages"}],"about":[{"href":"https:\/\/www.bodhicharityfoundation.org\/website\/wp-json\/wp\/v2\/types\/page"}],"author":[{"embeddable":true,"href":"https:\/\/www.bodhicharityfoundation.org\/website\/wp-json\/wp\/v2\/users\/1"}],"replies":[{"embeddable":true,"href":"https:\/\/www.bodhicharityfoundation.org\/website\/wp-json\/wp\/v2\/comments?post=985"}],"version-history":[{"count":24,"href":"https:\/\/www.bodhicharityfoundation.org\/website\/wp-json\/wp\/v2\/pages\/985\/revisions"}],"predecessor-version":[{"id":4107,"href":"https:\/\/www.bodhicharityfoundation.org\/website\/wp-json\/wp\/v2\/pages\/985\/revisions\/4107"}],"wp:featuredmedia":[{"embeddable":true,"href":"https:\/\/www.bodhicharityfoundation.org\/website\/wp-json\/wp\/v2\/media\/612"}],"wp:attachment":[{"href":"https:\/\/www.bodhicharityfoundation.org\/website\/wp-json\/wp\/v2\/media?parent=985"}],"curies":[{"name":"wp","href":"https:\/\/api.w.org\/{rel}","templated":true}]}}